{"id":3570,"date":"2026-06-12T20:47:35","date_gmt":"2026-06-12T18:47:35","guid":{"rendered":"https:\/\/camposyoltra.com\/?post_type=portfolio&#038;p=3570"},"modified":"2026-06-16T17:46:29","modified_gmt":"2026-06-16T15:46:29","slug":"vivienda-entre-medianeras-en-benimamet-2","status":"publish","type":"portfolio","link":"https:\/\/camposyoltra.com\/ca\/proyectos\/vivienda-entre-medianeras-en-benimamet-2\/","title":{"rendered":"Vivienda entre medianeras en el Cabanyal"},"content":{"rendered":"<p>Vivienda en esquina de dos plantas, desv\u00e1n, garaje y patio interior: En la planta baja se distribuye el sal\u00f3n comedor, la cocina, un ba\u00f1o completo y una habitaci\u00f3n. En la planta superior, el dormitorio principal con ba\u00f1o y dos dormitorios tambi\u00e9n con ba\u00f1o y una zona bajo cubierta. El programa se completa con un garaje situado en el fondo del solar y con entrada desde la c\/ S\u00e1nchez Coello; en cuya planta superior se ubica una zona de cambra. En la zona libre que se genera entre el cuerpo principal, y el secundario, se ubica un patio de 25 m<sup>2<\/sup>.<\/p>\n","protected":false},"excerpt":{"rendered":"<p>Vivienda en esquina de dos plantas, desv\u00e1n, garaje y patio interior: En la planta baja se distribuye el sal\u00f3n comedor, la cocina, un ba\u00f1o completo y una habitaci\u00f3n. En la planta superior, el dormitorio principal con ba\u00f1o y dos dormitorios &hellip; <a class=\"kt-excerpt-readmore\" href=\"https:\/\/camposyoltra.com\/ca\/proyectos\/vivienda-entre-medianeras-en-benimamet-2\/\" aria-label=\"Vivienda entre medianeras en el Cabanyal\">Read More<\/a><\/p>\n","protected":false},"author":2,"featured_media":3534,"menu_order":0,"template":"","meta":{"_monsterinsights_skip_tracking":false,"_monsterinsights_sitenote_active":false,"_monsterinsights_sitenote_note":"","_monsterinsights_sitenote_category":0},"portfolio-type":[12],"portfolio-tag":[],"acf":[],"yoast_head":"<!-- This site is optimized with the Yoast SEO plugin v19.6.1 - https:\/\/yoast.com\/wordpress\/plugins\/seo\/ -->\n<title>Vivienda entre medianeras en el Cabanyal - Campos y Oltra, Arquitectos - Valencia, Spain<\/title>\n<meta name=\"description\" content=\"Vivienda entre medianeras en el Cabanyal, uno de los trabajos m\u00e1s destacados realizado por Campos y Oltra Arquitectos - Valencia\" \/>\n<meta name=\"robots\" content=\"index, follow, max-snippet:-1, max-image-preview:large, max-video-preview:-1\" \/>\n<link rel=\"canonical\" href=\"https:\/\/camposyoltra.com\/ca\/proyectos\/vivienda-entre-medianeras-en-benimamet-2\/\" \/>\n<meta property=\"og:locale\" content=\"ca_ES\" \/>\n<meta property=\"og:type\" content=\"article\" \/>\n<meta property=\"og:title\" content=\"Vivienda entre medianeras en el Cabanyal - Campos y Oltra, Arquitectos - Valencia, Spain\" \/>\n<meta property=\"og:description\" content=\"Vivienda entre medianeras en el Cabanyal, uno de los trabajos m\u00e1s destacados realizado por Campos y Oltra Arquitectos - Valencia\" \/>\n<meta property=\"og:url\" content=\"https:\/\/camposyoltra.com\/ca\/proyectos\/vivienda-entre-medianeras-en-benimamet-2\/\" \/>\n<meta property=\"og:site_name\" content=\"Campos y Oltra, Arquitectos - Valencia, Spain\" \/>\n<meta property=\"article:modified_time\" content=\"2026-06-16T15:46:29+00:00\" \/>\n<meta property=\"og:image\" content=\"https:\/\/camposyoltra.com\/wp-content\/uploads\/2026\/06\/02_CABANAL.jpg\" \/>\n\t<meta property=\"og:image:width\" content=\"1140\" \/>\n\t<meta property=\"og:image:height\" content=\"641\" \/>\n\t<meta property=\"og:image:type\" content=\"image\/jpeg\" \/>\n<meta name=\"twitter:card\" content=\"summary_large_image\" \/>\n<script type=\"application\/ld+json\" class=\"yoast-schema-graph\">{\"@context\":\"https:\/\/schema.org\",\"@graph\":[{\"@type\":\"WebPage\",\"@id\":\"https:\/\/camposyoltra.com\/ca\/proyectos\/vivienda-entre-medianeras-en-benimamet-2\/\",\"url\":\"https:\/\/camposyoltra.com\/ca\/proyectos\/vivienda-entre-medianeras-en-benimamet-2\/\",\"name\":\"Vivienda entre medianeras en el Cabanyal - Campos y Oltra, Arquitectos - Valencia, Spain\",\"isPartOf\":{\"@id\":\"https:\/\/camposyoltra.com\/#website\"},\"datePublished\":\"2026-06-12T18:47:35+00:00\",\"dateModified\":\"2026-06-16T15:46:29+00:00\",\"description\":\"Vivienda entre medianeras en el Cabanyal, uno de los trabajos m\u00e1s destacados realizado por Campos y Oltra Arquitectos - Valencia\",\"breadcrumb\":{\"@id\":\"https:\/\/camposyoltra.com\/ca\/proyectos\/vivienda-entre-medianeras-en-benimamet-2\/#breadcrumb\"},\"inLanguage\":\"ca\",\"potentialAction\":[{\"@type\":\"ReadAction\",\"target\":[\"https:\/\/camposyoltra.com\/ca\/proyectos\/vivienda-entre-medianeras-en-benimamet-2\/\"]}]},{\"@type\":\"BreadcrumbList\",\"@id\":\"https:\/\/camposyoltra.com\/ca\/proyectos\/vivienda-entre-medianeras-en-benimamet-2\/#breadcrumb\",\"itemListElement\":[{\"@type\":\"ListItem\",\"position\":1,\"name\":\"Portada\",\"item\":\"https:\/\/camposyoltra.com\/ca\/\"},{\"@type\":\"ListItem\",\"position\":2,\"name\":\"Vivienda entre medianeras en el Cabanyal\"}]},{\"@type\":\"WebSite\",\"@id\":\"https:\/\/camposyoltra.com\/#website\",\"url\":\"https:\/\/camposyoltra.com\/\",\"name\":\"Campos y Oltra, Arquitectos - Valencia, Spain\",\"description\":\"\",\"publisher\":{\"@id\":\"https:\/\/camposyoltra.com\/#organization\"},\"potentialAction\":[{\"@type\":\"SearchAction\",\"target\":{\"@type\":\"EntryPoint\",\"urlTemplate\":\"https:\/\/camposyoltra.com\/?s={search_term_string}\"},\"query-input\":\"required name=search_term_string\"}],\"inLanguage\":\"ca\"},{\"@type\":\"Organization\",\"@id\":\"https:\/\/camposyoltra.com\/#organization\",\"name\":\"Campos y Oltra Arquitectos\",\"url\":\"https:\/\/camposyoltra.com\/\",\"sameAs\":[\"https:\/\/www.instagram.com\/camposyoltra_arquitectos\/\"],\"logo\":{\"@type\":\"ImageObject\",\"inLanguage\":\"ca\",\"@id\":\"https:\/\/camposyoltra.com\/#\/schema\/logo\/image\/\",\"url\":\"https:\/\/camposyoltra.com\/wp-content\/uploads\/2021\/04\/Logo-COCO.png\",\"contentUrl\":\"https:\/\/camposyoltra.com\/wp-content\/uploads\/2021\/04\/Logo-COCO.png\",\"width\":399,\"height\":399,\"caption\":\"Campos y Oltra Arquitectos\"},\"image\":{\"@id\":\"https:\/\/camposyoltra.com\/#\/schema\/logo\/image\/\"}}]}<\/script>\n<!-- \/ Yoast SEO plugin. -->","yoast_head_json":{"title":"Vivienda entre medianeras en el Cabanyal - Campos y Oltra, Arquitectos - Valencia, Spain","description":"Vivienda entre medianeras en el Cabanyal, uno de los trabajos m\u00e1s destacados realizado por Campos y Oltra Arquitectos - Valencia","robots":{"index":"index","follow":"follow","max-snippet":"max-snippet:-1","max-image-preview":"max-image-preview:large","max-video-preview":"max-video-preview:-1"},"canonical":"https:\/\/camposyoltra.com\/ca\/proyectos\/vivienda-entre-medianeras-en-benimamet-2\/","og_locale":"ca_ES","og_type":"article","og_title":"Vivienda entre medianeras en el Cabanyal - Campos y Oltra, Arquitectos - Valencia, Spain","og_description":"Vivienda entre medianeras en el Cabanyal, uno de los trabajos m\u00e1s destacados realizado por Campos y Oltra Arquitectos - Valencia","og_url":"https:\/\/camposyoltra.com\/ca\/proyectos\/vivienda-entre-medianeras-en-benimamet-2\/","og_site_name":"Campos y Oltra, Arquitectos - Valencia, Spain","article_modified_time":"2026-06-16T15:46:29+00:00","og_image":[{"width":1140,"height":641,"url":"https:\/\/camposyoltra.com\/wp-content\/uploads\/2026\/06\/02_CABANAL.jpg","type":"image\/jpeg"}],"twitter_card":"summary_large_image","schema":{"@context":"https:\/\/schema.org","@graph":[{"@type":"WebPage","@id":"https:\/\/camposyoltra.com\/ca\/proyectos\/vivienda-entre-medianeras-en-benimamet-2\/","url":"https:\/\/camposyoltra.com\/ca\/proyectos\/vivienda-entre-medianeras-en-benimamet-2\/","name":"Vivienda entre medianeras en el Cabanyal - Campos y Oltra, Arquitectos - Valencia, Spain","isPartOf":{"@id":"https:\/\/camposyoltra.com\/#website"},"datePublished":"2026-06-12T18:47:35+00:00","dateModified":"2026-06-16T15:46:29+00:00","description":"Vivienda entre medianeras en el Cabanyal, uno de los trabajos m\u00e1s destacados realizado por Campos y Oltra Arquitectos - Valencia","breadcrumb":{"@id":"https:\/\/camposyoltra.com\/ca\/proyectos\/vivienda-entre-medianeras-en-benimamet-2\/#breadcrumb"},"inLanguage":"ca","potentialAction":[{"@type":"ReadAction","target":["https:\/\/camposyoltra.com\/ca\/proyectos\/vivienda-entre-medianeras-en-benimamet-2\/"]}]},{"@type":"BreadcrumbList","@id":"https:\/\/camposyoltra.com\/ca\/proyectos\/vivienda-entre-medianeras-en-benimamet-2\/#breadcrumb","itemListElement":[{"@type":"ListItem","position":1,"name":"Portada","item":"https:\/\/camposyoltra.com\/ca\/"},{"@type":"ListItem","position":2,"name":"Vivienda entre medianeras en el Cabanyal"}]},{"@type":"WebSite","@id":"https:\/\/camposyoltra.com\/#website","url":"https:\/\/camposyoltra.com\/","name":"Campos y Oltra, Arquitectos - Valencia, Spain","description":"","publisher":{"@id":"https:\/\/camposyoltra.com\/#organization"},"potentialAction":[{"@type":"SearchAction","target":{"@type":"EntryPoint","urlTemplate":"https:\/\/camposyoltra.com\/?s={search_term_string}"},"query-input":"required name=search_term_string"}],"inLanguage":"ca"},{"@type":"Organization","@id":"https:\/\/camposyoltra.com\/#organization","name":"Campos y Oltra Arquitectos","url":"https:\/\/camposyoltra.com\/","sameAs":["https:\/\/www.instagram.com\/camposyoltra_arquitectos\/"],"logo":{"@type":"ImageObject","inLanguage":"ca","@id":"https:\/\/camposyoltra.com\/#\/schema\/logo\/image\/","url":"https:\/\/camposyoltra.com\/wp-content\/uploads\/2021\/04\/Logo-COCO.png","contentUrl":"https:\/\/camposyoltra.com\/wp-content\/uploads\/2021\/04\/Logo-COCO.png","width":399,"height":399,"caption":"Campos y Oltra Arquitectos"},"image":{"@id":"https:\/\/camposyoltra.com\/#\/schema\/logo\/image\/"}}]}},"_links":{"self":[{"href":"https:\/\/camposyoltra.com\/ca\/wp-json\/wp\/v2\/portfolio\/3570"}],"collection":[{"href":"https:\/\/camposyoltra.com\/ca\/wp-json\/wp\/v2\/portfolio"}],"about":[{"href":"https:\/\/camposyoltra.com\/ca\/wp-json\/wp\/v2\/types\/portfolio"}],"author":[{"embeddable":true,"href":"https:\/\/camposyoltra.com\/ca\/wp-json\/wp\/v2\/users\/2"}],"wp:featuredmedia":[{"embeddable":true,"href":"https:\/\/camposyoltra.com\/ca\/wp-json\/wp\/v2\/media\/3534"}],"wp:attachment":[{"href":"https:\/\/camposyoltra.com\/ca\/wp-json\/wp\/v2\/media?parent=3570"}],"wp:term":[{"taxonomy":"portfolio-type","embeddable":true,"href":"https:\/\/camposyoltra.com\/ca\/wp-json\/wp\/v2\/portfolio-type?post=3570"},{"taxonomy":"portfolio-tag","embeddable":true,"href":"https:\/\/camposyoltra.com\/ca\/wp-json\/wp\/v2\/portfolio-tag?post=3570"}],"curies":[{"name":"wp","href":"https:\/\/api.w.org\/{rel}","templated":true}]}}

<p>Vivienda en esquina de dos plantas, desván, garaje y patio interior: En la planta baja se distribuye el salón comedor, la cocina, un baño completo y una habitación. En la planta superior, el dormitorio principal con baño y dos dormitorios también con baño y una zona bajo cubierta. El programa se completa con un garaje situado en el fondo del solar y con entrada desde la c/ Sánchez Coello; en cuya planta superior se ubica una zona de cambra. En la zona libre que se genera entre el cuerpo principal, y el secundario, se ubica un patio de 25 m<sup>2</sup>.</p>

<p>Vivienda en esquina de dos plantas, desván, garaje y patio interior: En la planta baja se distribuye el salón comedor, la cocina, un baño completo y una habitación. En la planta superior, el dormitorio principal con baño y dos dormitorios &hellip; <a class="kt-excerpt-readmore" href="https://camposyoltra.com/ca/proyectos/vivienda-entre-medianeras-en-benimamet-2/" aria-label="Vivienda entre medianeras en el Cabanyal">Read More</a></p>

<!-- This site is optimized with the Yoast SEO plugin v19.6.1 - https://yoast.com/wordpress/plugins/seo/ -->
<title>Vivienda entre medianeras en el Cabanyal - Campos y Oltra, Arquitectos - Valencia, Spain</title>
<meta name="description" content="Vivienda entre medianeras en el Cabanyal, uno de los trabajos más destacados realizado por Campos y Oltra Arquitectos - Valencia" />
<meta name="robots" content="index, follow, max-snippet:-1, max-image-preview:large, max-video-preview:-1" />
<link rel="canonical" href="https://camposyoltra.com/ca/proyectos/vivienda-entre-medianeras-en-benimamet-2/" />
<meta property="og:locale" content="ca_ES" />
<meta property="og:type" content="article" />
<meta property="og:title" content="Vivienda entre medianeras en el Cabanyal - Campos y Oltra, Arquitectos - Valencia, Spain" />
<meta property="og:description" content="Vivienda entre medianeras en el Cabanyal, uno de los trabajos más destacados realizado por Campos y Oltra Arquitectos - Valencia" />
<meta property="og:url" content="https://camposyoltra.com/ca/proyectos/vivienda-entre-medianeras-en-benimamet-2/" />
<meta property="og:site_name" content="Campos y Oltra, Arquitectos - Valencia, Spain" />
<meta property="article:modified_time" content="2026-06-16T15:46:29+00:00" />
<meta property="og:image" content="https://camposyoltra.com/wp-content/uploads/2026/06/02_CABANAL.jpg" />
	<meta property="og:image:width" content="1140" />
	<meta property="og:image:height" content="641" />
	<meta property="og:image:type" content="image/jpeg" />
<meta name="twitter:card" content="summary_large_image" />
<script type="application/ld+json" class="yoast-schema-graph">{"@context":"https://schema.org","@graph":[{"@type":"WebPage","@id":"https://camposyoltra.com/ca/proyectos/vivienda-entre-medianeras-en-benimamet-2/","url":"https://camposyoltra.com/ca/proyectos/vivienda-entre-medianeras-en-benimamet-2/","name":"Vivienda entre medianeras en el Cabanyal - Campos y Oltra, Arquitectos - Valencia, Spain","isPartOf":{"@id":"https://camposyoltra.com/#website"},"datePublished":"2026-06-12T18:47:35+00:00","dateModified":"2026-06-16T15:46:29+00:00","description":"Vivienda entre medianeras en el Cabanyal, uno de los trabajos más destacados realizado por Campos y Oltra Arquitectos - Valencia","breadcrumb":{"@id":"https://camposyoltra.com/ca/proyectos/vivienda-entre-medianeras-en-benimamet-2/#breadcrumb"},"inLanguage":"ca","potentialAction":[{"@type":"ReadAction","target":["https://camposyoltra.com/ca/proyectos/vivienda-entre-medianeras-en-benimamet-2/"]}]},{"@type":"BreadcrumbList","@id":"https://camposyoltra.com/ca/proyectos/vivienda-entre-medianeras-en-benimamet-2/#breadcrumb","itemListElement":[{"@type":"ListItem","position":1,"name":"Portada","item":"https://camposyoltra.com/ca/"},{"@type":"ListItem","position":2,"name":"Vivienda entre medianeras en el Cabanyal"}]},{"@type":"WebSite","@id":"https://camposyoltra.com/#website","url":"https://camposyoltra.com/","name":"Campos y Oltra, Arquitectos - Valencia, Spain","description":"","publisher":{"@id":"https://camposyoltra.com/#organization"},"potentialAction":[{"@type":"SearchAction","target":{"@type":"EntryPoint","urlTemplate":"https://camposyoltra.com/?s={search_term_string}"},"query-input":"required name=search_term_string"}],"inLanguage":"ca"},{"@type":"Organization","@id":"https://camposyoltra.com/#organization","name":"Campos y Oltra Arquitectos","url":"https://camposyoltra.com/","sameAs":["https://www.instagram.com/camposyoltra_arquitectos/"],"logo":{"@type":"ImageObject","inLanguage":"ca","@id":"https://camposyoltra.com/#/schema/logo/image/","url":"https://camposyoltra.com/wp-content/uploads/2021/04/Logo-COCO.png","contentUrl":"https://camposyoltra.com/wp-content/uploads/2021/04/Logo-COCO.png","width":399,"height":399,"caption":"Campos y Oltra Arquitectos"},"image":{"@id":"https://camposyoltra.com/#/schema/logo/image/"}}]}</script>
<!-- / Yoast SEO plugin. -->

Vivienda entre medianeras en el Cabanyal, uno de los trabajos más destacados realizado por Campos y Oltra Arquitectos - Valencia
