{"id":3322,"date":"2026-06-11T17:19:02","date_gmt":"2026-06-11T15:19:02","guid":{"rendered":"https:\/\/camposyoltra.com\/?post_type=portfolio&#038;p=3322"},"modified":"2026-06-16T17:47:40","modified_gmt":"2026-06-16T15:47:40","slug":"vivienda-entre-medianeras-en-benimamet","status":"publish","type":"portfolio","link":"https:\/\/camposyoltra.com\/ca\/proyectos\/vivienda-entre-medianeras-en-benimamet\/","title":{"rendered":"Vivienda entre medianeras en Benimamet"},"content":{"rendered":"<p>Vivienda entre medianeras de dos plantas y desv\u00e1n: En la planta baja se distribuye el sal\u00f3n comedor, la cocina y un aseo y, en la planta superior, el dormitorio principal con ba\u00f1o y dos dormitorios tambi\u00e9n con ba\u00f1o. El programa se completa con un garaje recayente al vial. En el fondo del solar se ubica una edificaci\u00f3n auxiliar y, en la zona libre que se genera entre el cuerpo principal, se ubica una piscina 12 m2 de l\u00e1mina de agua. Todo ello distribuido como se indica en los planos del proyecto.<\/p>\n","protected":false},"excerpt":{"rendered":"<p>Vivienda entre medianeras de dos plantas y desv\u00e1n: En la planta baja se distribuye el sal\u00f3n comedor, la cocina y un aseo y, en la planta superior, el dormitorio principal con ba\u00f1o y dos dormitorios tambi\u00e9n con ba\u00f1o. El programa &hellip; <a class=\"kt-excerpt-readmore\" href=\"https:\/\/camposyoltra.com\/ca\/proyectos\/vivienda-entre-medianeras-en-benimamet\/\" aria-label=\"Vivienda entre medianeras en Benimamet\">Read More<\/a><\/p>\n","protected":false},"author":2,"featured_media":3326,"menu_order":0,"template":"","meta":{"_monsterinsights_skip_tracking":false,"_monsterinsights_sitenote_active":false,"_monsterinsights_sitenote_note":"","_monsterinsights_sitenote_category":0},"portfolio-type":[12],"portfolio-tag":[],"acf":[],"yoast_head":"<!-- This site is optimized with the Yoast SEO plugin v19.6.1 - https:\/\/yoast.com\/wordpress\/plugins\/seo\/ -->\n<title>Vivienda entre medianeras en Benimamet - Campos y Oltra, Arquitectos - Valencia, Spain<\/title>\n<meta name=\"description\" content=\"Vivienda entre medianeras en Benimamet, uno de los trabajos m\u00e1s destacados realizado por Campos y Oltra Arquitectos - Valencia\" \/>\n<meta name=\"robots\" content=\"index, follow, max-snippet:-1, max-image-preview:large, max-video-preview:-1\" \/>\n<link rel=\"canonical\" href=\"https:\/\/camposyoltra.com\/ca\/proyectos\/vivienda-entre-medianeras-en-benimamet\/\" \/>\n<meta property=\"og:locale\" content=\"ca_ES\" \/>\n<meta property=\"og:type\" content=\"article\" \/>\n<meta property=\"og:title\" content=\"Vivienda entre medianeras en Benimamet - Campos y Oltra, Arquitectos - Valencia, Spain\" \/>\n<meta property=\"og:description\" content=\"Vivienda entre medianeras en Benimamet, uno de los trabajos m\u00e1s destacados realizado por Campos y Oltra Arquitectos - Valencia\" \/>\n<meta property=\"og:url\" content=\"https:\/\/camposyoltra.com\/ca\/proyectos\/vivienda-entre-medianeras-en-benimamet\/\" \/>\n<meta property=\"og:site_name\" content=\"Campos y Oltra, Arquitectos - Valencia, Spain\" \/>\n<meta property=\"article:modified_time\" content=\"2026-06-16T15:47:40+00:00\" \/>\n<meta property=\"og:image\" content=\"https:\/\/camposyoltra.com\/wp-content\/uploads\/2026\/06\/01_TORRES.jpg\" \/>\n\t<meta property=\"og:image:width\" content=\"1140\" \/>\n\t<meta property=\"og:image:height\" content=\"641\" \/>\n\t<meta property=\"og:image:type\" content=\"image\/jpeg\" \/>\n<meta name=\"twitter:card\" content=\"summary_large_image\" \/>\n<script type=\"application\/ld+json\" class=\"yoast-schema-graph\">{\"@context\":\"https:\/\/schema.org\",\"@graph\":[{\"@type\":\"WebPage\",\"@id\":\"https:\/\/camposyoltra.com\/ca\/proyectos\/vivienda-entre-medianeras-en-benimamet\/\",\"url\":\"https:\/\/camposyoltra.com\/ca\/proyectos\/vivienda-entre-medianeras-en-benimamet\/\",\"name\":\"Vivienda entre medianeras en Benimamet - Campos y Oltra, Arquitectos - Valencia, Spain\",\"isPartOf\":{\"@id\":\"https:\/\/camposyoltra.com\/#website\"},\"datePublished\":\"2026-06-11T15:19:02+00:00\",\"dateModified\":\"2026-06-16T15:47:40+00:00\",\"description\":\"Vivienda entre medianeras en Benimamet, uno de los trabajos m\u00e1s destacados realizado por Campos y Oltra Arquitectos - Valencia\",\"breadcrumb\":{\"@id\":\"https:\/\/camposyoltra.com\/ca\/proyectos\/vivienda-entre-medianeras-en-benimamet\/#breadcrumb\"},\"inLanguage\":\"ca\",\"potentialAction\":[{\"@type\":\"ReadAction\",\"target\":[\"https:\/\/camposyoltra.com\/ca\/proyectos\/vivienda-entre-medianeras-en-benimamet\/\"]}]},{\"@type\":\"BreadcrumbList\",\"@id\":\"https:\/\/camposyoltra.com\/ca\/proyectos\/vivienda-entre-medianeras-en-benimamet\/#breadcrumb\",\"itemListElement\":[{\"@type\":\"ListItem\",\"position\":1,\"name\":\"Portada\",\"item\":\"https:\/\/camposyoltra.com\/ca\/\"},{\"@type\":\"ListItem\",\"position\":2,\"name\":\"Vivienda entre medianeras en Benimamet\"}]},{\"@type\":\"WebSite\",\"@id\":\"https:\/\/camposyoltra.com\/#website\",\"url\":\"https:\/\/camposyoltra.com\/\",\"name\":\"Campos y Oltra, Arquitectos - Valencia, Spain\",\"description\":\"\",\"publisher\":{\"@id\":\"https:\/\/camposyoltra.com\/#organization\"},\"potentialAction\":[{\"@type\":\"SearchAction\",\"target\":{\"@type\":\"EntryPoint\",\"urlTemplate\":\"https:\/\/camposyoltra.com\/?s={search_term_string}\"},\"query-input\":\"required name=search_term_string\"}],\"inLanguage\":\"ca\"},{\"@type\":\"Organization\",\"@id\":\"https:\/\/camposyoltra.com\/#organization\",\"name\":\"Campos y Oltra Arquitectos\",\"url\":\"https:\/\/camposyoltra.com\/\",\"sameAs\":[\"https:\/\/www.instagram.com\/camposyoltra_arquitectos\/\"],\"logo\":{\"@type\":\"ImageObject\",\"inLanguage\":\"ca\",\"@id\":\"https:\/\/camposyoltra.com\/#\/schema\/logo\/image\/\",\"url\":\"https:\/\/camposyoltra.com\/wp-content\/uploads\/2021\/04\/Logo-COCO.png\",\"contentUrl\":\"https:\/\/camposyoltra.com\/wp-content\/uploads\/2021\/04\/Logo-COCO.png\",\"width\":399,\"height\":399,\"caption\":\"Campos y Oltra Arquitectos\"},\"image\":{\"@id\":\"https:\/\/camposyoltra.com\/#\/schema\/logo\/image\/\"}}]}<\/script>\n<!-- \/ Yoast SEO plugin. -->","yoast_head_json":{"title":"Vivienda entre medianeras en Benimamet - Campos y Oltra, Arquitectos - Valencia, Spain","description":"Vivienda entre medianeras en Benimamet, uno de los trabajos m\u00e1s destacados realizado por Campos y Oltra Arquitectos - Valencia","robots":{"index":"index","follow":"follow","max-snippet":"max-snippet:-1","max-image-preview":"max-image-preview:large","max-video-preview":"max-video-preview:-1"},"canonical":"https:\/\/camposyoltra.com\/ca\/proyectos\/vivienda-entre-medianeras-en-benimamet\/","og_locale":"ca_ES","og_type":"article","og_title":"Vivienda entre medianeras en Benimamet - Campos y Oltra, Arquitectos - Valencia, Spain","og_description":"Vivienda entre medianeras en Benimamet, uno de los trabajos m\u00e1s destacados realizado por Campos y Oltra Arquitectos - Valencia","og_url":"https:\/\/camposyoltra.com\/ca\/proyectos\/vivienda-entre-medianeras-en-benimamet\/","og_site_name":"Campos y Oltra, Arquitectos - Valencia, Spain","article_modified_time":"2026-06-16T15:47:40+00:00","og_image":[{"width":1140,"height":641,"url":"https:\/\/camposyoltra.com\/wp-content\/uploads\/2026\/06\/01_TORRES.jpg","type":"image\/jpeg"}],"twitter_card":"summary_large_image","schema":{"@context":"https:\/\/schema.org","@graph":[{"@type":"WebPage","@id":"https:\/\/camposyoltra.com\/ca\/proyectos\/vivienda-entre-medianeras-en-benimamet\/","url":"https:\/\/camposyoltra.com\/ca\/proyectos\/vivienda-entre-medianeras-en-benimamet\/","name":"Vivienda entre medianeras en Benimamet - Campos y Oltra, Arquitectos - Valencia, Spain","isPartOf":{"@id":"https:\/\/camposyoltra.com\/#website"},"datePublished":"2026-06-11T15:19:02+00:00","dateModified":"2026-06-16T15:47:40+00:00","description":"Vivienda entre medianeras en Benimamet, uno de los trabajos m\u00e1s destacados realizado por Campos y Oltra Arquitectos - Valencia","breadcrumb":{"@id":"https:\/\/camposyoltra.com\/ca\/proyectos\/vivienda-entre-medianeras-en-benimamet\/#breadcrumb"},"inLanguage":"ca","potentialAction":[{"@type":"ReadAction","target":["https:\/\/camposyoltra.com\/ca\/proyectos\/vivienda-entre-medianeras-en-benimamet\/"]}]},{"@type":"BreadcrumbList","@id":"https:\/\/camposyoltra.com\/ca\/proyectos\/vivienda-entre-medianeras-en-benimamet\/#breadcrumb","itemListElement":[{"@type":"ListItem","position":1,"name":"Portada","item":"https:\/\/camposyoltra.com\/ca\/"},{"@type":"ListItem","position":2,"name":"Vivienda entre medianeras en Benimamet"}]},{"@type":"WebSite","@id":"https:\/\/camposyoltra.com\/#website","url":"https:\/\/camposyoltra.com\/","name":"Campos y Oltra, Arquitectos - Valencia, Spain","description":"","publisher":{"@id":"https:\/\/camposyoltra.com\/#organization"},"potentialAction":[{"@type":"SearchAction","target":{"@type":"EntryPoint","urlTemplate":"https:\/\/camposyoltra.com\/?s={search_term_string}"},"query-input":"required name=search_term_string"}],"inLanguage":"ca"},{"@type":"Organization","@id":"https:\/\/camposyoltra.com\/#organization","name":"Campos y Oltra Arquitectos","url":"https:\/\/camposyoltra.com\/","sameAs":["https:\/\/www.instagram.com\/camposyoltra_arquitectos\/"],"logo":{"@type":"ImageObject","inLanguage":"ca","@id":"https:\/\/camposyoltra.com\/#\/schema\/logo\/image\/","url":"https:\/\/camposyoltra.com\/wp-content\/uploads\/2021\/04\/Logo-COCO.png","contentUrl":"https:\/\/camposyoltra.com\/wp-content\/uploads\/2021\/04\/Logo-COCO.png","width":399,"height":399,"caption":"Campos y Oltra Arquitectos"},"image":{"@id":"https:\/\/camposyoltra.com\/#\/schema\/logo\/image\/"}}]}},"_links":{"self":[{"href":"https:\/\/camposyoltra.com\/ca\/wp-json\/wp\/v2\/portfolio\/3322"}],"collection":[{"href":"https:\/\/camposyoltra.com\/ca\/wp-json\/wp\/v2\/portfolio"}],"about":[{"href":"https:\/\/camposyoltra.com\/ca\/wp-json\/wp\/v2\/types\/portfolio"}],"author":[{"embeddable":true,"href":"https:\/\/camposyoltra.com\/ca\/wp-json\/wp\/v2\/users\/2"}],"wp:featuredmedia":[{"embeddable":true,"href":"https:\/\/camposyoltra.com\/ca\/wp-json\/wp\/v2\/media\/3326"}],"wp:attachment":[{"href":"https:\/\/camposyoltra.com\/ca\/wp-json\/wp\/v2\/media?parent=3322"}],"wp:term":[{"taxonomy":"portfolio-type","embeddable":true,"href":"https:\/\/camposyoltra.com\/ca\/wp-json\/wp\/v2\/portfolio-type?post=3322"},{"taxonomy":"portfolio-tag","embeddable":true,"href":"https:\/\/camposyoltra.com\/ca\/wp-json\/wp\/v2\/portfolio-tag?post=3322"}],"curies":[{"name":"wp","href":"https:\/\/api.w.org\/{rel}","templated":true}]}}

<p>Vivienda entre medianeras de dos plantas y desván: En la planta baja se distribuye el salón comedor, la cocina y un aseo y, en la planta superior, el dormitorio principal con baño y dos dormitorios también con baño. El programa se completa con un garaje recayente al vial. En el fondo del solar se ubica una edificación auxiliar y, en la zona libre que se genera entre el cuerpo principal, se ubica una piscina 12 m2 de lámina de agua. Todo ello distribuido como se indica en los planos del proyecto.</p>

<p>Vivienda entre medianeras de dos plantas y desván: En la planta baja se distribuye el salón comedor, la cocina y un aseo y, en la planta superior, el dormitorio principal con baño y dos dormitorios también con baño. El programa &hellip; <a class="kt-excerpt-readmore" href="https://camposyoltra.com/ca/proyectos/vivienda-entre-medianeras-en-benimamet/" aria-label="Vivienda entre medianeras en Benimamet">Read More</a></p>

<!-- This site is optimized with the Yoast SEO plugin v19.6.1 - https://yoast.com/wordpress/plugins/seo/ -->
<title>Vivienda entre medianeras en Benimamet - Campos y Oltra, Arquitectos - Valencia, Spain</title>
<meta name="description" content="Vivienda entre medianeras en Benimamet, uno de los trabajos más destacados realizado por Campos y Oltra Arquitectos - Valencia" />
<meta name="robots" content="index, follow, max-snippet:-1, max-image-preview:large, max-video-preview:-1" />
<link rel="canonical" href="https://camposyoltra.com/ca/proyectos/vivienda-entre-medianeras-en-benimamet/" />
<meta property="og:locale" content="ca_ES" />
<meta property="og:type" content="article" />
<meta property="og:title" content="Vivienda entre medianeras en Benimamet - Campos y Oltra, Arquitectos - Valencia, Spain" />
<meta property="og:description" content="Vivienda entre medianeras en Benimamet, uno de los trabajos más destacados realizado por Campos y Oltra Arquitectos - Valencia" />
<meta property="og:url" content="https://camposyoltra.com/ca/proyectos/vivienda-entre-medianeras-en-benimamet/" />
<meta property="og:site_name" content="Campos y Oltra, Arquitectos - Valencia, Spain" />
<meta property="article:modified_time" content="2026-06-16T15:47:40+00:00" />
<meta property="og:image" content="https://camposyoltra.com/wp-content/uploads/2026/06/01_TORRES.jpg" />
	<meta property="og:image:width" content="1140" />
	<meta property="og:image:height" content="641" />
	<meta property="og:image:type" content="image/jpeg" />
<meta name="twitter:card" content="summary_large_image" />
<script type="application/ld+json" class="yoast-schema-graph">{"@context":"https://schema.org","@graph":[{"@type":"WebPage","@id":"https://camposyoltra.com/ca/proyectos/vivienda-entre-medianeras-en-benimamet/","url":"https://camposyoltra.com/ca/proyectos/vivienda-entre-medianeras-en-benimamet/","name":"Vivienda entre medianeras en Benimamet - Campos y Oltra, Arquitectos - Valencia, Spain","isPartOf":{"@id":"https://camposyoltra.com/#website"},"datePublished":"2026-06-11T15:19:02+00:00","dateModified":"2026-06-16T15:47:40+00:00","description":"Vivienda entre medianeras en Benimamet, uno de los trabajos más destacados realizado por Campos y Oltra Arquitectos - Valencia","breadcrumb":{"@id":"https://camposyoltra.com/ca/proyectos/vivienda-entre-medianeras-en-benimamet/#breadcrumb"},"inLanguage":"ca","potentialAction":[{"@type":"ReadAction","target":["https://camposyoltra.com/ca/proyectos/vivienda-entre-medianeras-en-benimamet/"]}]},{"@type":"BreadcrumbList","@id":"https://camposyoltra.com/ca/proyectos/vivienda-entre-medianeras-en-benimamet/#breadcrumb","itemListElement":[{"@type":"ListItem","position":1,"name":"Portada","item":"https://camposyoltra.com/ca/"},{"@type":"ListItem","position":2,"name":"Vivienda entre medianeras en Benimamet"}]},{"@type":"WebSite","@id":"https://camposyoltra.com/#website","url":"https://camposyoltra.com/","name":"Campos y Oltra, Arquitectos - Valencia, Spain","description":"","publisher":{"@id":"https://camposyoltra.com/#organization"},"potentialAction":[{"@type":"SearchAction","target":{"@type":"EntryPoint","urlTemplate":"https://camposyoltra.com/?s={search_term_string}"},"query-input":"required name=search_term_string"}],"inLanguage":"ca"},{"@type":"Organization","@id":"https://camposyoltra.com/#organization","name":"Campos y Oltra Arquitectos","url":"https://camposyoltra.com/","sameAs":["https://www.instagram.com/camposyoltra_arquitectos/"],"logo":{"@type":"ImageObject","inLanguage":"ca","@id":"https://camposyoltra.com/#/schema/logo/image/","url":"https://camposyoltra.com/wp-content/uploads/2021/04/Logo-COCO.png","contentUrl":"https://camposyoltra.com/wp-content/uploads/2021/04/Logo-COCO.png","width":399,"height":399,"caption":"Campos y Oltra Arquitectos"},"image":{"@id":"https://camposyoltra.com/#/schema/logo/image/"}}]}</script>
<!-- / Yoast SEO plugin. -->

Vivienda entre medianeras en Benimamet, uno de los trabajos más destacados realizado por Campos y Oltra Arquitectos - Valencia
