{"id":2939,"date":"2021-09-06T18:03:53","date_gmt":"2021-09-06T16:03:53","guid":{"rendered":"https:\/\/camposyoltra.com\/proyectos\/edificio-de-viviendas-en-el-grao-valencia\/"},"modified":"2026-06-16T12:11:39","modified_gmt":"2026-06-16T10:11:39","slug":"edificio-de-viviendas-en-el-grao-valencia","status":"publish","type":"portfolio","link":"https:\/\/camposyoltra.com\/ca\/proyectos\/edificio-de-viviendas-en-el-grao-valencia\/","title":{"rendered":"Edificio de viviendas en El Grao"},"content":{"rendered":"<p>El proyecto contempla la construcci\u00f3n de un edificio de cinco plantas m\u00e1s \u00e1tico en una franja de 11 m de profundidad recayente a la c\/en Proyecto y de cuatro plantas m\u00e1s \u00e1tico en el resto del solar. La propuesta tambi\u00e9n aprovecha las zonas de desv\u00e1n que se generan bajo la cubierta inclinada de los \u00e1ticos, vinculadas a las viviendas de la planta inferior y sin distribuir piezas habitables en ellas.<\/p>\n<p>As\u00ed, en las plantas altas se proyectan veintis\u00e9is viviendas de uno, dos y tres dormitorios, estructuradas en dos n\u00facleos de escalera que sirven a trece viviendas cada uno y en torno a un patio de luces central. Se distribuyen seis viviendas por planta y dos en la planta alta, en base a doce diferentes tipos.<\/p>\n<p>En la planta baja se distribuye el zagu\u00e1n, con las zonas comunes de cuartos de contadores y almac\u00e9n de contenedores de residuos, un local para la futura ubicaci\u00f3n de un centro de transformaci\u00f3n y un local sin uso, para futuro uso comercial en esquina. Tambi\u00e9n se distribuye una zona de garaje para 6 plazas que incluye una zona reservada para bicicletas (dos por vivienda).<\/p>\n<p>El resto de plazas de aparcamiento previstas, 23, se ubican en la planta de s\u00f3tano junto a cuatro trasteros; as\u00ed se contabilizan un total de 29 plazas en el garaje en la propuesta.<\/p>\n","protected":false},"excerpt":{"rendered":"<p>El proyecto contempla la construcci\u00f3n de un edificio de cinco plantas m\u00e1s \u00e1tico en una franja de 11 m de profundidad recayente a la c\/en Proyecto y de cuatro plantas m\u00e1s \u00e1tico en el resto del solar. La propuesta tambi\u00e9n &hellip; <a class=\"kt-excerpt-readmore\" href=\"https:\/\/camposyoltra.com\/ca\/proyectos\/edificio-de-viviendas-en-el-grao-valencia\/\" aria-label=\"Edificio de viviendas en El Grao\">Read More<\/a><\/p>\n","protected":false},"author":2,"featured_media":2932,"menu_order":5,"template":"","meta":{"_monsterinsights_skip_tracking":false,"_monsterinsights_sitenote_active":false,"_monsterinsights_sitenote_note":"","_monsterinsights_sitenote_category":0},"portfolio-type":[15],"portfolio-tag":[],"acf":[],"yoast_head":"<!-- This site is optimized with the Yoast SEO plugin v19.6.1 - https:\/\/yoast.com\/wordpress\/plugins\/seo\/ -->\n<title>Edificio de viviendas en El Grao - Campos y Oltra, Arquitectos - Valencia, Spain<\/title>\n<meta name=\"description\" content=\"Edificio de viviendas en El Grao, uno de los trabajos m\u00e1s destacados realizado por Campos y Oltra Arquitectos - Valencia\" \/>\n<meta name=\"robots\" content=\"index, follow, max-snippet:-1, max-image-preview:large, max-video-preview:-1\" \/>\n<link rel=\"canonical\" href=\"https:\/\/camposyoltra.com\/ca\/proyectos\/edificio-de-viviendas-en-el-grao-valencia\/\" \/>\n<meta property=\"og:locale\" content=\"ca_ES\" \/>\n<meta property=\"og:type\" content=\"article\" \/>\n<meta property=\"og:title\" content=\"Edificio de viviendas en El Grao - Campos y Oltra, Arquitectos - Valencia, Spain\" \/>\n<meta property=\"og:description\" content=\"Edificio de viviendas en El Grao, uno de los trabajos m\u00e1s destacados realizado por Campos y Oltra Arquitectos - Valencia\" \/>\n<meta property=\"og:url\" content=\"https:\/\/camposyoltra.com\/ca\/proyectos\/edificio-de-viviendas-en-el-grao-valencia\/\" \/>\n<meta property=\"og:site_name\" content=\"Campos y Oltra, Arquitectos - Valencia, Spain\" \/>\n<meta property=\"article:modified_time\" content=\"2026-06-16T10:11:39+00:00\" \/>\n<meta property=\"og:image\" content=\"https:\/\/camposyoltra.com\/wp-content\/uploads\/2021\/09\/V3.jpg\" \/>\n\t<meta property=\"og:image:width\" content=\"1140\" \/>\n\t<meta property=\"og:image:height\" content=\"642\" \/>\n\t<meta property=\"og:image:type\" content=\"image\/jpeg\" \/>\n<meta name=\"twitter:card\" content=\"summary_large_image\" \/>\n<meta name=\"twitter:label1\" content=\"Temps estimat de lectura\" \/>\n\t<meta name=\"twitter:data1\" content=\"1 minut\" \/>\n<script type=\"application\/ld+json\" class=\"yoast-schema-graph\">{\"@context\":\"https:\/\/schema.org\",\"@graph\":[{\"@type\":\"WebPage\",\"@id\":\"https:\/\/camposyoltra.com\/ca\/proyectos\/edificio-de-viviendas-en-el-grao-valencia\/\",\"url\":\"https:\/\/camposyoltra.com\/ca\/proyectos\/edificio-de-viviendas-en-el-grao-valencia\/\",\"name\":\"Edificio de viviendas en El Grao - Campos y Oltra, Arquitectos - Valencia, Spain\",\"isPartOf\":{\"@id\":\"https:\/\/camposyoltra.com\/#website\"},\"datePublished\":\"2021-09-06T16:03:53+00:00\",\"dateModified\":\"2026-06-16T10:11:39+00:00\",\"description\":\"Edificio de viviendas en El Grao, uno de los trabajos m\u00e1s destacados realizado por Campos y Oltra Arquitectos - Valencia\",\"breadcrumb\":{\"@id\":\"https:\/\/camposyoltra.com\/ca\/proyectos\/edificio-de-viviendas-en-el-grao-valencia\/#breadcrumb\"},\"inLanguage\":\"ca\",\"potentialAction\":[{\"@type\":\"ReadAction\",\"target\":[\"https:\/\/camposyoltra.com\/ca\/proyectos\/edificio-de-viviendas-en-el-grao-valencia\/\"]}]},{\"@type\":\"BreadcrumbList\",\"@id\":\"https:\/\/camposyoltra.com\/ca\/proyectos\/edificio-de-viviendas-en-el-grao-valencia\/#breadcrumb\",\"itemListElement\":[{\"@type\":\"ListItem\",\"position\":1,\"name\":\"Portada\",\"item\":\"https:\/\/camposyoltra.com\/ca\/\"},{\"@type\":\"ListItem\",\"position\":2,\"name\":\"Edificio de viviendas en El Grao\"}]},{\"@type\":\"WebSite\",\"@id\":\"https:\/\/camposyoltra.com\/#website\",\"url\":\"https:\/\/camposyoltra.com\/\",\"name\":\"Campos y Oltra, Arquitectos - Valencia, Spain\",\"description\":\"\",\"publisher\":{\"@id\":\"https:\/\/camposyoltra.com\/#organization\"},\"potentialAction\":[{\"@type\":\"SearchAction\",\"target\":{\"@type\":\"EntryPoint\",\"urlTemplate\":\"https:\/\/camposyoltra.com\/?s={search_term_string}\"},\"query-input\":\"required name=search_term_string\"}],\"inLanguage\":\"ca\"},{\"@type\":\"Organization\",\"@id\":\"https:\/\/camposyoltra.com\/#organization\",\"name\":\"Campos y Oltra Arquitectos\",\"url\":\"https:\/\/camposyoltra.com\/\",\"sameAs\":[\"https:\/\/www.instagram.com\/camposyoltra_arquitectos\/\"],\"logo\":{\"@type\":\"ImageObject\",\"inLanguage\":\"ca\",\"@id\":\"https:\/\/camposyoltra.com\/#\/schema\/logo\/image\/\",\"url\":\"https:\/\/camposyoltra.com\/wp-content\/uploads\/2021\/04\/Logo-COCO.png\",\"contentUrl\":\"https:\/\/camposyoltra.com\/wp-content\/uploads\/2021\/04\/Logo-COCO.png\",\"width\":399,\"height\":399,\"caption\":\"Campos y Oltra Arquitectos\"},\"image\":{\"@id\":\"https:\/\/camposyoltra.com\/#\/schema\/logo\/image\/\"}}]}<\/script>\n<!-- \/ Yoast SEO plugin. -->","yoast_head_json":{"title":"Edificio de viviendas en El Grao - Campos y Oltra, Arquitectos - Valencia, Spain","description":"Edificio de viviendas en El Grao, uno de los trabajos m\u00e1s destacados realizado por Campos y Oltra Arquitectos - Valencia","robots":{"index":"index","follow":"follow","max-snippet":"max-snippet:-1","max-image-preview":"max-image-preview:large","max-video-preview":"max-video-preview:-1"},"canonical":"https:\/\/camposyoltra.com\/ca\/proyectos\/edificio-de-viviendas-en-el-grao-valencia\/","og_locale":"ca_ES","og_type":"article","og_title":"Edificio de viviendas en El Grao - Campos y Oltra, Arquitectos - Valencia, Spain","og_description":"Edificio de viviendas en El Grao, uno de los trabajos m\u00e1s destacados realizado por Campos y Oltra Arquitectos - Valencia","og_url":"https:\/\/camposyoltra.com\/ca\/proyectos\/edificio-de-viviendas-en-el-grao-valencia\/","og_site_name":"Campos y Oltra, Arquitectos - Valencia, Spain","article_modified_time":"2026-06-16T10:11:39+00:00","og_image":[{"width":1140,"height":642,"url":"https:\/\/camposyoltra.com\/wp-content\/uploads\/2021\/09\/V3.jpg","type":"image\/jpeg"}],"twitter_card":"summary_large_image","twitter_misc":{"Temps estimat de lectura":"1 minut"},"schema":{"@context":"https:\/\/schema.org","@graph":[{"@type":"WebPage","@id":"https:\/\/camposyoltra.com\/ca\/proyectos\/edificio-de-viviendas-en-el-grao-valencia\/","url":"https:\/\/camposyoltra.com\/ca\/proyectos\/edificio-de-viviendas-en-el-grao-valencia\/","name":"Edificio de viviendas en El Grao - Campos y Oltra, Arquitectos - Valencia, Spain","isPartOf":{"@id":"https:\/\/camposyoltra.com\/#website"},"datePublished":"2021-09-06T16:03:53+00:00","dateModified":"2026-06-16T10:11:39+00:00","description":"Edificio de viviendas en El Grao, uno de los trabajos m\u00e1s destacados realizado por Campos y Oltra Arquitectos - Valencia","breadcrumb":{"@id":"https:\/\/camposyoltra.com\/ca\/proyectos\/edificio-de-viviendas-en-el-grao-valencia\/#breadcrumb"},"inLanguage":"ca","potentialAction":[{"@type":"ReadAction","target":["https:\/\/camposyoltra.com\/ca\/proyectos\/edificio-de-viviendas-en-el-grao-valencia\/"]}]},{"@type":"BreadcrumbList","@id":"https:\/\/camposyoltra.com\/ca\/proyectos\/edificio-de-viviendas-en-el-grao-valencia\/#breadcrumb","itemListElement":[{"@type":"ListItem","position":1,"name":"Portada","item":"https:\/\/camposyoltra.com\/ca\/"},{"@type":"ListItem","position":2,"name":"Edificio de viviendas en El Grao"}]},{"@type":"WebSite","@id":"https:\/\/camposyoltra.com\/#website","url":"https:\/\/camposyoltra.com\/","name":"Campos y Oltra, Arquitectos - Valencia, Spain","description":"","publisher":{"@id":"https:\/\/camposyoltra.com\/#organization"},"potentialAction":[{"@type":"SearchAction","target":{"@type":"EntryPoint","urlTemplate":"https:\/\/camposyoltra.com\/?s={search_term_string}"},"query-input":"required name=search_term_string"}],"inLanguage":"ca"},{"@type":"Organization","@id":"https:\/\/camposyoltra.com\/#organization","name":"Campos y Oltra Arquitectos","url":"https:\/\/camposyoltra.com\/","sameAs":["https:\/\/www.instagram.com\/camposyoltra_arquitectos\/"],"logo":{"@type":"ImageObject","inLanguage":"ca","@id":"https:\/\/camposyoltra.com\/#\/schema\/logo\/image\/","url":"https:\/\/camposyoltra.com\/wp-content\/uploads\/2021\/04\/Logo-COCO.png","contentUrl":"https:\/\/camposyoltra.com\/wp-content\/uploads\/2021\/04\/Logo-COCO.png","width":399,"height":399,"caption":"Campos y Oltra Arquitectos"},"image":{"@id":"https:\/\/camposyoltra.com\/#\/schema\/logo\/image\/"}}]}},"_links":{"self":[{"href":"https:\/\/camposyoltra.com\/ca\/wp-json\/wp\/v2\/portfolio\/2939"}],"collection":[{"href":"https:\/\/camposyoltra.com\/ca\/wp-json\/wp\/v2\/portfolio"}],"about":[{"href":"https:\/\/camposyoltra.com\/ca\/wp-json\/wp\/v2\/types\/portfolio"}],"author":[{"embeddable":true,"href":"https:\/\/camposyoltra.com\/ca\/wp-json\/wp\/v2\/users\/2"}],"wp:featuredmedia":[{"embeddable":true,"href":"https:\/\/camposyoltra.com\/ca\/wp-json\/wp\/v2\/media\/2932"}],"wp:attachment":[{"href":"https:\/\/camposyoltra.com\/ca\/wp-json\/wp\/v2\/media?parent=2939"}],"wp:term":[{"taxonomy":"portfolio-type","embeddable":true,"href":"https:\/\/camposyoltra.com\/ca\/wp-json\/wp\/v2\/portfolio-type?post=2939"},{"taxonomy":"portfolio-tag","embeddable":true,"href":"https:\/\/camposyoltra.com\/ca\/wp-json\/wp\/v2\/portfolio-tag?post=2939"}],"curies":[{"name":"wp","href":"https:\/\/api.w.org\/{rel}","templated":true}]}}

<p>El proyecto contempla la construcción de un edificio de cinco plantas más ático en una franja de 11 m de profundidad recayente a la c/en Proyecto y de cuatro plantas más ático en el resto del solar. La propuesta también aprovecha las zonas de desván que se generan bajo la cubierta inclinada de los áticos, vinculadas a las viviendas de la planta inferior y sin distribuir piezas habitables en ellas.</p>
<p>Así, en las plantas altas se proyectan veintiséis viviendas de uno, dos y tres dormitorios, estructuradas en dos núcleos de escalera que sirven a trece viviendas cada uno y en torno a un patio de luces central. Se distribuyen seis viviendas por planta y dos en la planta alta, en base a doce diferentes tipos.</p>
<p>En la planta baja se distribuye el zaguán, con las zonas comunes de cuartos de contadores y almacén de contenedores de residuos, un local para la futura ubicación de un centro de transformación y un local sin uso, para futuro uso comercial en esquina. También se distribuye una zona de garaje para 6 plazas que incluye una zona reservada para bicicletas (dos por vivienda).</p>
<p>El resto de plazas de aparcamiento previstas, 23, se ubican en la planta de sótano junto a cuatro trasteros; así se contabilizan un total de 29 plazas en el garaje en la propuesta.</p>

<p>El proyecto contempla la construcción de un edificio de cinco plantas más ático en una franja de 11 m de profundidad recayente a la c/en Proyecto y de cuatro plantas más ático en el resto del solar. La propuesta también &hellip; <a class="kt-excerpt-readmore" href="https://camposyoltra.com/ca/proyectos/edificio-de-viviendas-en-el-grao-valencia/" aria-label="Edificio de viviendas en El Grao">Read More</a></p>

<!-- This site is optimized with the Yoast SEO plugin v19.6.1 - https://yoast.com/wordpress/plugins/seo/ -->
<title>Edificio de viviendas en El Grao - Campos y Oltra, Arquitectos - Valencia, Spain</title>
<meta name="description" content="Edificio de viviendas en El Grao, uno de los trabajos más destacados realizado por Campos y Oltra Arquitectos - Valencia" />
<meta name="robots" content="index, follow, max-snippet:-1, max-image-preview:large, max-video-preview:-1" />
<link rel="canonical" href="https://camposyoltra.com/ca/proyectos/edificio-de-viviendas-en-el-grao-valencia/" />
<meta property="og:locale" content="ca_ES" />
<meta property="og:type" content="article" />
<meta property="og:title" content="Edificio de viviendas en El Grao - Campos y Oltra, Arquitectos - Valencia, Spain" />
<meta property="og:description" content="Edificio de viviendas en El Grao, uno de los trabajos más destacados realizado por Campos y Oltra Arquitectos - Valencia" />
<meta property="og:url" content="https://camposyoltra.com/ca/proyectos/edificio-de-viviendas-en-el-grao-valencia/" />
<meta property="og:site_name" content="Campos y Oltra, Arquitectos - Valencia, Spain" />
<meta property="article:modified_time" content="2026-06-16T10:11:39+00:00" />
<meta property="og:image" content="https://camposyoltra.com/wp-content/uploads/2021/09/V3.jpg" />
	<meta property="og:image:width" content="1140" />
	<meta property="og:image:height" content="642" />
	<meta property="og:image:type" content="image/jpeg" />
<meta name="twitter:card" content="summary_large_image" />
<meta name="twitter:label1" content="Temps estimat de lectura" />
	<meta name="twitter:data1" content="1 minut" />
<script type="application/ld+json" class="yoast-schema-graph">{"@context":"https://schema.org","@graph":[{"@type":"WebPage","@id":"https://camposyoltra.com/ca/proyectos/edificio-de-viviendas-en-el-grao-valencia/","url":"https://camposyoltra.com/ca/proyectos/edificio-de-viviendas-en-el-grao-valencia/","name":"Edificio de viviendas en El Grao - Campos y Oltra, Arquitectos - Valencia, Spain","isPartOf":{"@id":"https://camposyoltra.com/#website"},"datePublished":"2021-09-06T16:03:53+00:00","dateModified":"2026-06-16T10:11:39+00:00","description":"Edificio de viviendas en El Grao, uno de los trabajos más destacados realizado por Campos y Oltra Arquitectos - Valencia","breadcrumb":{"@id":"https://camposyoltra.com/ca/proyectos/edificio-de-viviendas-en-el-grao-valencia/#breadcrumb"},"inLanguage":"ca","potentialAction":[{"@type":"ReadAction","target":["https://camposyoltra.com/ca/proyectos/edificio-de-viviendas-en-el-grao-valencia/"]}]},{"@type":"BreadcrumbList","@id":"https://camposyoltra.com/ca/proyectos/edificio-de-viviendas-en-el-grao-valencia/#breadcrumb","itemListElement":[{"@type":"ListItem","position":1,"name":"Portada","item":"https://camposyoltra.com/ca/"},{"@type":"ListItem","position":2,"name":"Edificio de viviendas en El Grao"}]},{"@type":"WebSite","@id":"https://camposyoltra.com/#website","url":"https://camposyoltra.com/","name":"Campos y Oltra, Arquitectos - Valencia, Spain","description":"","publisher":{"@id":"https://camposyoltra.com/#organization"},"potentialAction":[{"@type":"SearchAction","target":{"@type":"EntryPoint","urlTemplate":"https://camposyoltra.com/?s={search_term_string}"},"query-input":"required name=search_term_string"}],"inLanguage":"ca"},{"@type":"Organization","@id":"https://camposyoltra.com/#organization","name":"Campos y Oltra Arquitectos","url":"https://camposyoltra.com/","sameAs":["https://www.instagram.com/camposyoltra_arquitectos/"],"logo":{"@type":"ImageObject","inLanguage":"ca","@id":"https://camposyoltra.com/#/schema/logo/image/","url":"https://camposyoltra.com/wp-content/uploads/2021/04/Logo-COCO.png","contentUrl":"https://camposyoltra.com/wp-content/uploads/2021/04/Logo-COCO.png","width":399,"height":399,"caption":"Campos y Oltra Arquitectos"},"image":{"@id":"https://camposyoltra.com/#/schema/logo/image/"}}]}</script>
<!-- / Yoast SEO plugin. -->

Edificio de viviendas en El Grao, uno de los trabajos más destacados realizado por Campos y Oltra Arquitectos - Valencia
